((-56)/16). Let m(n) = 10*n**2 - 3*n - 2. Calculate m(i).
32
Let g(s) be the third derivative of -s**5/60 + s**4/8 + 10*s**3 - 5804*s**2. What is g(-6)?
6
Let h(g) = -g**2 - 6*g + 7. Let o(m) = m + 12. Let r be o(-15). Let a be 5/(r - -4) - 0. Suppose -a*b + 26 - 61 = 0. Calculate h(b).
0
Let j(c) = 2*c**2 - 17*c - 38. Suppose -14 = -2*t + 3*s, -t + 3*s + 2 = -2. Let m be j(t). Let u(a) = 2*a + 11. Determine u(m).
-5
Let v = 2859 - 2878. Let n(z) = -2*z - 26. Give n(v).
12
Let x(a) = -1146*a + 4 - 5 + 5 + 1151*a + a**3 - 6*a**2. Determine x(5).
4
Let c(o) be the third derivative of o**4/24 + o**3/6 + o**2. Suppose 3*r = -2*v - 1, 3*v - 4*v + 3 = -2*r. Let t be 0 - 1 - (1 + r/1). Determine c(t).
0
Let f be -8 - 8*(-40)/32. Let y(h) be the first derivative of 0*h**f + 9*h - 1/3*h**3 + 2. What is y(0)?
9
Let k(r) = -2*r - 2. Let u = -486 - -491. Suppose 6*s - 2*s = u*s. Give k(s).
-2
Let p = -2878 - -4641. Let x(l) = -2*l**2 + 2*l**2 - l**2 + 1772*l - 10 - p*l. Calculate x(6).
8
Let z be (-4)/1*(-1)/(-4). Let o(n) be the first derivative of 24 - n + 0*n**2 + 5/3*n**3. What is o(z)?
4
Let h(s) be the first derivative of -2*s**3 - 9*s**2 + 5*s - 6404. Determine h(-3).
5
Let m(l) = -5*l + 20. Let h(v) = -v**2 + 25*v - 124. Let i be h(18). Determine m(i).
10
Let d(a) = a**3 - 8*a**2 + 8*a + 3. Suppose -4*t - 904 = -4*r, t - 3*t - 452 = 5*r. Let y = -220 - t. What is d(y)?
-21
Let i(m) = -3*m**2 + 0 + 2*m**2 + 3 - 2*m + 0. Let r be (-6)/(-5)*3540/(-1062). Calculate i(r).
-5
Let w(n) = -n**2 + 6. Suppose -2*z - 9 = -3*f, -3*f + 7 = -4*z - 2. Suppose -3*y = -f*v + 6, -v - 2*y = -7*y + 2. Give w(v).
-3
Let w(t) = 13*t**2 + 63 - 17*t - t**3 - 92*t**2 - 10*t + 92*t**2. Give w(11).
8
Let b(x) be the second derivative of -1/12*x**4 - 5/2*x**3 + 0 + 108*x + 5/2*x**2. Determine b(-15).
5
Let f(r) = 3*r**2 + r + 2. Let o be (-48)/9*(-12)/8. Suppose o*v - 192 = 5*v. Let t = -66 + v. Give f(t).
12
Suppose d = 4*d + 2*b - 32, 3*b = -5*d + 53. Let w(c) = c - 7*c + 8 + 2*c - d + c**2. Suppose -3*g = 2*q - 23, 3*g - g - 6 = q. What is w(g)?
3
Let r(s) = -102*s + 11. Let q(k) = -45*k + 6. Let a(o) = -9*q(o) + 4*r(o). Suppose 5*x = -28 - 7. Calculate a(x).
11
Let t(v) = v**2 - 22. Let a(o) = 3*o**2 + o - 54. Let x(n) = -a(n) + 4*t(n). What is x(-7)?
22
Suppose -434 = -2*d - 440. Let g(a) = -4*a**2 + 4*a + 3. What is g(d)?
-45
Let v(p) = -5*p**2 - 2*p - 15. Let w(a) = 7*a**2 + 14. Let u(h) = 3*v(h) + 2*w(h). Give u(-6).
-17
Suppose -5981*v - 36 = -5969*v. Let m(i) = 2*i**2 - 3*i - 5. Give m(v).
22
Let c(p) = 13*p - 2. Suppose -1 = 3*z + 2*n, 13*z - 8*z - 9 = 2*n. Determine c(z).
11
Let t(y) = -3*y**3 - 5*y**2 - 18*y + 4. Let m(p) = -p**3 + p**2 + 4*p - 1. Let o(z) = 5*m(z) + t(z). Calculate o(1).
-7
Let g(d) = d + 22. Let z(j) = -2*j**2 - 10*j - 6. Let a be z(-6). Let h be g(a). Suppose -h*x - x - 5 = 0. Let i(r) = 4*r**2 + r. Give i(x).
3
Let v(i) be the third derivative of -1/10*i**5 + 1/3*i**3 + 0 + 0*i - 2*i**2 - 1/4*i**4 - 1/120*i**6. Give v(-6).
38
Let c(q) be the third derivative of -q**4/12 - 7*q**3/6 - 2074*q**2. Determine c(-12).
17
Let d = 845/20856 - -1/869. Let x(p) be the third derivative of 0*p + 0 - d*p**4 - 1/60*p**5 - 5/3*p**3 - 9*p**2. Determine x(0).
-10
Let h(r) = 32*r - 5. Let p(c) = 10*c - 2. Suppose -6 = 2*s + 2*n, -s = 3*s - 5*n + 48. Let o(u) = s*p(u) + 2*h(u). Give o(4).
-20
Let l(y) = -y**3 - y**2 + 30*y - 12. Suppose -5*c - i = 35, -19*i + 14*i - 43 = 3*c. Calculate l(c).
-12
Suppose 68*z - 138 = 45*z. Let k = -3 + 5. Let i(q) = z*q - k*q + 3 - 9 + 3. Determine i(2).
5
Suppose -210*p + w = -213*p - 15, -17 = 5*p + 3*w. Let l(y) = -y**3 - 10*y**2 - 17*y + 22. Calculate l(p).
-6
Let l(j) = -j + 4. Let g be l(3). Let q(v) = -1640962279 + 1640962280 - 5*v**2 + 4*v - 3*v. What is q(g)?
-3
Let y(u) be the first derivative of -u**4/12 - 5*u**3/3 + 145*u - 25. Let b(m) be the first derivative of y(m). Let k = -7 + 0. Calculate b(k).
21
Let s = -3971 + 3959. Let w(r) = 2*r + 21. What is w(s)?
-3
Let w(s) = s**2 + 2*s - 12. Let g be w(-4). Let f = g + 18. Suppose -2*c + f - 8 = 4*i, -3*i - c + 2 = 0. Let u(z) = -5*z - 1. What is u(i)?
4
Let m(g) = g**3 + 19*g**2 - 3*g - 15. Let l(v) = -51*v**2 - 713*v - 5. Let k be l(-14). Calculate m(k).
42
Let d = -255 + 258. Let s(a) be the second derivative of 5*a - a**d + 3/2*a**2 + 0. What is s(2)?
-9
Let r(y) = -64*y**3 + 31*y**3 - 525 + 515 + 13*y**2 + 34*y**3 + 11*y. Let a be (1*-1)/((-4)/12). Suppose -j - 5*c + 8 = 0, c + c = -a*j - 28. What is r(j)?
2
Let g(w) = 2*w**3 - 53*w**2 + 28*w - 49. Suppose 56*h - 29*h = 43*h - 416. Determine g(h).
3
Suppose -4*j = -4*j - 4*j. Let s(p) = 16*p - 5 + j + 1 - 21*p. Let b(z) = z**2 + 7*z + 9. Let m be b(-6). Calculate s(m).
-19
Let v(u) = -u - 17. Let z be v(-18). Let a(o) = -2257 - o - 2258 - 25*o + 4516. Give a(z).
-25
Let c be (-5)/2*(4 + (-48)/15). Let j(p) = -2*p - 6. Let d(q) = -q - 5. Let a(t) = c*j(t) + 3*d(t). Calculate a(9).
6
Let j(n) = -2*n**3 + 3*n**3 + 4*n**2 - 6*n**2 - n**2. Let o(c) = 2*c**2 + 83*c - 216. Let v be o(-44). Give j(v).
16
Let f(m) = -2*m**3 - m. Suppose 0 = 10*a + 22*a - 704. Suppose 7*i + 29 - a = 0. Determine f(i).
3
Let z be 2/(8/(-14) - (-33)/21). Let p(j) = 17 + z*j + 0*j + 15. Calculate p(-16).
0
Let m(q) = -2*q**2 - 5*q - 1. Let x be m(-1). Let s(o) = -6 + 0 - o**3 + 4*o**2 + 3*o + 0*o**x + 12. Give s(5).
-4
Let g = -3297 + 3303. Let b(l) = 3*l**2 - 14*l - 22. Give b(g).
2
Let d(t) be the first derivative of t**5/2 - t**4/12 + t**3/6 - t**2/2 - 39*t + 116. Let o(b) be the first derivative of d(b). Calculate o(1).
9
Let q(j) be the first derivative of -3*j**2/2 - 20*j + 3. Suppose 0 = -3*d - p - 21, -p + 7 = -73*d + 72*d. Give q(d).
1
Let s(b) = 6*b - 5 - 3 + b**2 - 2. Let v be 10 + (0/1 - 62). Let n be 26/v*(13 + 1). Calculate s(n).
-3
Let s(p) = -6*p**2 + 15*p - 15. Let u be 24/6*4/8. Let n(r) = -6*r**2 - 1 + 3 - r**u + 16*r - 18. Let l(j) = -5*n(j) + 6*s(j). Give l(9).
-1
Let p(l) be the third derivative of -l**5/60 + l**4 - 7*l**3/2 + 2754*l**2. Give p(20).
59
Let t(i) = i**2 - 8*i - 13. Suppose -5*n = 5*v - 1690, 5*v - 1682 = 21*n - 22*n. Let m = 345 - v. Determine t(m).
-4
Let k(g) = g**2 - 13*g + 3. Suppose -5*n = 5*j - 45, 6*n - 5*j + 32 = 10*n. Suppose 8*o - 273 = -n*o. What is k(o)?
3
Suppose -24 = 671*f - 659*f. Suppose -q + 4*q = 3. Let a(o) = -2 + o**2 - 2*o - q + 0*o**2. Determine a(f).
5
Let k(b) = b**3 + b**2 - 1. Suppose -2*x = 3*z - 17, 4*x = 13*z - 15*z + 22. Suppose 4*j + 4*d = 5*d - z, 3*d - 9 = 4*j. What is k(j)?
-1
Let z(b) = -b**3 - 5*b**2 - 26*b - 57. Let u be z(-3). Let c(w) = -5*w + 13. Give c(u).
-2
Let f = -82 - -84. Let q(s) = s**f + 21 - 14 - 15*s - 11. Determine q(16).
12
Let c(w) = w**2 - 5 + 1639*w - 30 + 106 - 33 - 1672*w. Give c(23).
-192
Let l(c) = -25*c - 7*c + 16*c + 15*c. Let n = 0 - -4. Calculate l(n).
-4
Let o(b) be the second derivative of b**3/6 - 6*b**2 - 2*b. Let n be -1 + -1 - (23 - -101). Let j = n + 131. Give o(j).
-7
Let f be 4/(-6) + 12/18. Let z(u) be the third derivative of 2/3*u**3 + 1/60*u**5 + 27*u**2 + 0*u**4 + 0*u + 0. What is z(f)?
4
Let s(p) = -p**2 + 3*p + 5. Suppose -3*u = -5*r + 146, 0 = -15*u + 11*u - 2*r - 186. Let b be u/(-7) + -7 + 30/7. Determine s(b).
1
Let f(j) = -235*j**3 + 234*j**3 - 70 + 73 + 12*j. Determine f(-4).
19
Let b(k) be the second derivative of -2*k**3/3 - 19*k**2/2 + 138*k. Determine b(13).
-71
Let x(r) = 8*r - 75. Let b be (-22)/231 + (-764)/(-84). Let h be x(b). Let y(f) = f + 8. Determine y(h).
5
Let u = -4006 + 4015. Let v(g) = 2*g**2 - 11*g - 22. What is v(u)?
41
Let s(u) = 2. Let m(r) = -r**3 - 11. Let d(v) = 2*m(v) + 11*s(v). Let i be -1*((-173)/4 - (-3)/12). Let y = 44 - i. Give d(y).
-2
Let g(a) = 19*a**2 + 217*a - 4. Let k(v) = 4*v**2 + 41*v - 1. Let y(z) = 3*g(z) - 16*k(z). What is y(1)?
-8
Let b = 289 - 130. Let c = 157 - b. Let k(v) = -5*v + 2. Calculate k(c).
12
Let q = 1041 + -702. Let z = 569 - 566. Let x(j) = q - j + 3*j - z*j - 333. Determine x(5).
1
Suppose -20 = -13*q + 6. Let z(a) = -12*a**2 + 16*a**q - 5*a**2 - 2. Give z(-4).
-18
Let y(i) be the first derivative of 23*i**6/120 + i**5/60 - i**4/24 - i**3/6 + 173*i**2/2 + 128. Let k(z) be the second derivative of y(z). What is k(-1)?
-22
Let w(n) = 2*n**2 - 4*n - 198. Let r be